ultiple of 7?
False
Does 24 divide 1818?
False
Does 7 divide 73?
False
Is 9 a factor of 1205?
False
Does 19 divide 5862?
False
Is 19 a factor of 17210?
False
Does 19 divide 1378?
False
Is 10 a factor of 3053?
False
Is 50 a factor of 4442?
False
Is 13 a factor of 507?
True
Is 48 a factor of 17952?
True
Is 1023 a multiple of 93?
True
Is 13 a factor of 7267?
True
Is 2711 a multiple of 21?
False
Is 3744 a multiple of 104?
True
Is 67145 a multiple of 57?
False
Is 12 a factor of 3168?
True
Does 56 divide 672?
True
Does 16 divide 862?
False
Is 912 a multiple of 48?
True
Does 14 divide 2926?
True
Is 191 a factor of 3056?
True
Does 23 divide 1395?
False
Does 25 divide 977?
False
Is 26 a factor of 13436?
False
Is 21 a factor of 2982?
True
Does 51 divide 1275?
True
Is 17364 a multiple of 135?
False
Is 30303 a multiple of 9?
True
Is 24 a factor of 18393?
False
Is 29376 a multiple of 24?
True
Is 1887 a multiple of 37?
True
Is 272 a multiple of 34?
True
Does 4 divide 230?
False
Does 131 divide 8034?
False
Is 21666 a multiple of 3?
True
Is 125 a factor of 10875?
True
Is 8928 a multiple of 72?
True
Is 486 a multiple of 27?
True
Does 37 divide 20683?
True
Is 94 a factor of 4512?
True
Does 21 divide 589?
False
Is 31 a factor of 2736?
False
Is 3236 a multiple of 14?
False
Does 97 divide 22795?
True
Is 2548 a multiple of 13?
True
Is 392 a factor of 47231?
False
Does 38 divide 7182?
True
Does 24 divide 437?
False
Is 25 a factor of 15825?
True
Is 84 a multiple of 3?
True
Is 19 a factor of 22344?
True
Is 25 a factor of 479?
False
Is 40348 a multiple of 7?
True
Does 65 divide 52065?
True
Does 10 divide 930?
True
Does 11 divide 110?
True
Is 1349 a multiple of 17?
False
Is 8713 a multiple of 55?
False
Does 25 divide 26927?
False
Is 56508 a multiple of 20?
False
Does 4 divide 1324?
True
Is 28188 a multiple of 81?
True
Is 49 a factor of 335?
False
Is 76655 a multiple of 492?
False
Does 7 divide 1748?
False
Is 14843 a multiple of 53?
False
Is 4710 a multiple of 15?
True
Is 82 a factor of 82?
True
Is 25377 a multiple of 84?
False
Is 26 a factor of 1092?
True
Is 363 a multiple of 27?
False
Does 17 divide 3043?
True
Is 513 a multiple of 57?
True
Is 24970 a multiple of 10?
True
Does 2 divide 214?
True
Does 5 divide 216?
False
Does 156 divide 7956?
True
Is 47 a factor of 1222?
True
Is 3367 a multiple of 91?
True
Is 116 a factor of 8816?
True
Is 38013 a multiple of 45?
False
Is 72 a factor of 1728?
True
Does 53 divide 17683?
False
Is 600 a multiple of 10?
True
Does 8 divide 233?
False
Is 23 a factor of 2047?
True
Does 38 divide 2584?
True
Does 23 divide 299?
True
Does 9 divide 2484?
True
Is 8739 a multiple of 69?
False
Is 131 a factor of 23531?
False
Is 13 a factor of 949?
True
Is 15472 a multiple of 277?
False
Is 1864 a multiple of 18?
False
Does 27 divide 216?
True
Is 4 a factor of 197?
False
Is 2617 a multiple of 41?
False
Does 18 divide 6372?
True
Is 750 a multiple of 15?
True
Is 25 a factor of 1075?
True
Is 14 a factor of 50554?
True
Is 46 a factor of 45803?
False
Does 20 divide 650?
False
Is 20 a factor of 2357?
False
Is 30173 a multiple of 72?
False
Does 13 divide 15603?
False
Does 371 divide 119350?
False
Does 13 divide 726?
False
Is 1332 a multiple of 12?
True
Is 2607 a multiple of 79?
True
Does 22 divide 110?
True
Is 58 a multiple of 29?
True
Is 1603 a multiple of 17?
False
Does 159 divide 21942?
True
Does 16 divide 712?
False
Is 266 even?
True
Is 19 a factor of 10526?
True
Is 65897 a multiple of 137?
True
Is 6 a factor of 1004?
False
Is 10 a factor of 980?
True
Is 39 a factor of 1599?
True
Is 2772 a multiple of 14?
True
Is 1307 a multiple of 30?
False
Is 21 a factor of 25975?
False
Is 56293 a multiple of 75?
False
Is 17 a factor of 170?
True
Is 174 a multiple of 3?
True
Is 20 a factor of 1894?
False
Is 19 a factor of 31692?
True
Is 12 a factor of 504?
True
Is 1447 a multiple of 6?
False
Does 11 divide 8351?
False
Is 70 a factor of 5810?
True
Is 27 a factor of 30996?
True
Does 31 divide 15996?
True
Is 14 a factor of 182?
True
Does 2 divide 870?
True
Does 15 divide 435?
True
Is 12229 a multiple of 18?
False
Is 15 a factor of 870?
True
Does 3 divide 48?
True
Is 1096 a multiple of 25?
False
Is 192 a multiple of 12?
True
Is 19 a factor of 101?
False
Does 30 divide 755?
False
Is 45019 a multiple of 10?
False
Is 3 a factor of 4113?
True
Is 1093 a multiple of 55?
False
Is 48 a factor of 10368?
True
Is 11 a factor of 2266?
True
Is 18281 a multiple of 17?
False
Does 27 divide 1751?
False
Is 123 a factor of 3936?
True
Is 124 a factor of 14632?
True
Is 41590 a multiple of 10?
True
Is 6 a factor of 1386?
True
Does 5 divide 530?
True
Does 56 divide 46197?
False
Does 15 divide 23075?
False
Is 4480 a multiple of 40?
True
Is 20538 a multiple of 63?
True
Does 34 divide 1122?
True
Is 33 a factor of 1804?
False
Does 153 divide 17986?
False
Does 4 divide 164?
True
Is 20 a factor of 351?
False
Does 5 divide 4109?
False
Is 1292 a multiple of 16?
False
Is 4240 a multiple of 10?
True
Does 15 divide 1875?
True
Is 15 a factor of 555?
True
Does 72 divide 1440?
True
Is 23 a factor of 5808?
False
Does 92 divide 4097?
False
Is 16240 a multiple of 70?
True
Is 757 a multiple of 3?
False
Is 12 a multiple of 3?
True
Does 3 divide 210?
True
Is 7518 a multiple of 42?
True
Is 1700 a multiple of 5?
True
Does 40 divide 12156?
False
Does 145 divide 2769?
False
Is 1136 a multiple of 37?
False
Does 8 divide 6417?
False
Is 18 a factor of 12924?
True
Does 3 divide 158?
False
Is 36 a factor of 4752?
True
Does 8 divide 228?
False
Is 14 a factor of 655?
False
Is 38 a factor of 2014?
True
Is 61 a factor of 15391?
False
Does 405 divide 11689?
False
Is 210 a multiple of 15?
True
Does 51 divide 40848?
False
Does 22 divide 22011?
False
Does 19 divide 848?
False
Is 1203 a multiple of 23?
False
Is 68 a multiple of 14?
False
Is 154 a multiple of 5?
False
Does 22 divide 11880?
True
Is 6241 a multiple of 50?
False
Is 21 a factor of 12096?
True
Does 13 divide 1309?
False
Is 11352 a multiple of 6?
True
Is 20 a factor of 23978?
False
Does 5 divide 690?
True
Does 2 divide 17?
False
Is 10543 a multiple of 5?
False
Does 22 divide 801?
False
Is 3 a factor of 264?
True
Is 18 a factor of 23094?
True
Does 8 divide 3576?
True
Does 8 divide 665?
False
Is 97 a factor of 853?
False
Is 24 a factor of 25920?
True
Does 36 divide 1584?
True
Does 10 divide 28?
False
Does 57 divide 610?
False
Is 22 a factor of 32195?
False
Is 630 a multiple of 15?
True
Is 11 a factor of 442?
False
Is 1610 a multiple of 14?
True
Does 37 divide 999?
True
Is 20460 a multiple of 55?
True
Is 10038 a multiple of 14?
True
Does 200 divide 1000?
True
Is 16 a factor of 192?
True
Is 37 a factor of 4965?
False
Is 280 a multiple of 4?
True
Is 15 a factor of 1076?
False
Is 1908 a multiple of 53?
True
Does 15 divide 2431?
False
Is 7 a factor of 42?
True
Is 2652 a multiple of 13?
True
Is 14 a factor of 2762?
False
Is 28 a factor of 6180?
False
Is 97755 a multiple of 21?
True
Is 702 a multiple of 13?
True
Does 10 divide 760?
True
Is 946 a multiple of 13?
False
Is 2581 a multiple of 120?
False
Is 7821 a multiple of 8?
False
Is 21 a factor of 859?
False
Is 365 a factor of 10950?
True
Is 2 a factor of 309?
False
Is 924 a multiple of 77?
True
Is 2745 a multiple of 3?
True
Is 16 a factor of 112?
True
Is 24 a factor of 8107?
False
Is 3960 a multiple of 11?
True
Is 767 a multiple of 23?
False
Is 80 a factor of 10320?
True
Is 126 a factor of 14364?
True
Is 38517 a multiple of 22?
False
Is 97 a factor of 97?
True
Is 864 a multiple of 32?
True
Is 7 a factor of 1095?
False
Is 605 a multiple of 11?
True
Is 42 a factor of 545?
False
Does 35 divide 315?
True
Does 8 divide 102323?
False
Is 20 a factor of 26140?
True
Is 1069 a multiple of 29?
False
Is 84 a factor of 13104?
True
Does 21 divide 588?
True
Does 23 divide 6900?
True
Is 343 a multiple of 19?
False
Is 16 a factor of 1042?
False
Does 31 divide 2511?
True
Does 66 divide 1030?
False
Is 139 a multiple of 17?
False
Is 24378 a multiple of 11?
False
Does 13 divide 845?
True
Does 13 divide 585?
True
Is 3223 a multiple of 29?
False
Does 11 divide 699?
False
Is 15548 a multiple of 46?
True
Does 12 divide 17310?
False
Is 23 a multiple of 3?
False
Is 20 a factor of 18156?
False
Is 26 a factor of 338?
True
Is 1688 a multiple of 96?
False
Is